-30. What is the tens digit of j?
9
Suppose -4*q - 3*r = 1377, 1372 = -2*q - 2*q - 4*r. Let o = q - -588. What is the tens digit of o?
4
Let h(q) = -10*q - 2*q + 3 + 11*q. Let k be h(9). Let c = k - -12. What is the units digit of c?
6
Let i(j) = -24*j + 12. Let n = 33 + -32. Let s(f) = -f + 1. Let h(l) = n*i(l) - 18*s(l). What is the units digit of h(-6)?
0
Let h(d) = 8*d**3 + 6*d**2 - 14*d + 10. What is the units digit of h(6)?
0
Let u(v) = -v**3 + 8*v**2 + 4*v - 7. Let g(y) = 2*y + 2. Let x(s) = -4*s - 5. Let d(o) = -10*g(o) - 4*x(o). Let q be d(-2). What is the units digit of u(q)?
5
Let n be 110/(-8) - (-3)/(-12). Let g be (-4)/n - 4/14. Suppose 2 = u - g. What is the units digit of u?
2
Let w be 1/2*(-6 - 148). Let l = w + 144. What is the tens digit of l?
6
Suppose 5*x - x = 8. Suppose 4*k - 9*k - 20 = -5*n, x*n = -5*k + 29. What is the units digit of n?
7
Suppose 25080 = 259*b - 248*b. What is the tens digit of b?
8
What is the units digit of 181 + (-28*(-5)/20 - 3)?
5
Suppose -5*y + 1500 = -3*r, -5*y - 6*r + 1535 = -2*r. What is the hundreds digit of y?
3
Let r(i) = 74*i + 82. What is the tens digit of r(11)?
9
Suppose 6*m + 4 = 2*b + 3*m, -b = -5*m - 2. Suppose -5*u + w - 636 = 2*w, -136 = u - b*w. What is the tens digit of u/(-6) + 2/(-6)?
2
Suppose 3*q - 2*s = 3*s + 2325, -q + 4*s + 768 = 0. What is the tens digit of q?
8
Let y(o) = -o**2 + 14*o - 18. Let b be y(13). Let r(c) = -3*c + 22. What is the units digit of r(b)?
7
Let o(l) = 10*l + 12*l**2 + 0 + 9 - 13*l**2. Let c be o(8). Let f = 6 + c. What is the units digit of f?
1
Suppose -54 = 5*l - 14*l. What is the tens digit of (-5 + 62)/(l/10)?
9
Let y(i) = 2*i**2 - 9*i + 18. Let o be y(6). Suppose 30*v + 678 = o*v. What is the units digit of v?
3
Let f = -3 + 5. Suppose -74 = -4*m + f*k, k = m + 4*m - 97. Suppose 0*n - n = -2*v - m, -45 = -5*n - v. What is the tens digit of n?
1
Suppose 5 = 4*p - 75. What is the units digit of 40/(-12)*(-36)/p?
6
Suppose -3*p + 3*r = -14349, -3*r + 2*r + 4 = 0. What is the hundreds digit of p?
7
What is the units digit of ((-784350)/(-182))/9 - (-4)/26?
9
Let k(z) = -10*z**3 + 63*z**2 - 5*z - 14. What is the tens digit of k(6)?
6
What is the units digit of (8/(-12))/((-86)/551475)?
5
Let d(x) = 87*x**3 - x**2 + x + 2. Let s be d(2). Suppose 528 = 12*t - s. What is the hundreds digit of t?
1
Suppose 0 = -24*o + 17*o + 16156. What is the tens digit of o?
0
Let x(g) = -g + 3. Let y be x(1). Suppose 4*l = 3*m + 18, -6 = -4*l - 5*m + y*m. What is the units digit of l/(-2)*(-18 - 10)?
2
Let h = -1630 + 3306. What is the units digit of h?
6
Suppose 40125 + 5294 = 11*k. What is the thousands digit of k?
4
Let o = 54 + 39. Suppose 4*i - o - 91 = 0. What is the tens digit of (i/(-3))/((-22)/33)?
2
Suppose -5*f + 4*n + 5969 = 0, 20*f - n + 4792 = 24*f. What is the hundreds digit of f?
1
Let q = -1634 + 3108. What is the tens digit of q?
7
Suppose 2 = z - 3. Suppose 4*x = -4, -z*x + 91 = -5*m + 526. What is the tens digit of m?
8
Suppose 5*l - 12472 = 3*h, 4*l + 3*h - 5611 - 4372 = 0. What is the hundreds digit of l?
4
Let m = 56 + 31. Let w = m + -53. Let r = w + -1. What is the units digit of r?
3
Let p = -6 + 4. Let q(s) = 3*s**2 + 7*s - 2. Let v be q(-3). What is the units digit of (-28)/((-12)/v - p)?
8
Let t(f) = -1 + 8*f + f**2 - 8*f. Let i be t(1). Let p = i + 23. What is the units digit of p?
3
What is the tens digit of -2*(8503/(-33) + (-1)/(-6))?
1
Suppose -5*c - 348 - 762 = 0. What is the units digit of (-3 - c) + (9 - 0)/(-3)?
6
Let b(v) = v**3 + 10*v**2 + 6*v - 17. Let l = -36 - -27. What is the units digit of b(l)?
0
Suppose 206 = -40*s + 42*s. Let o = 34 + s. What is the tens digit of o?
3
Let c = -103 + 54. Let n be c/(-21) + 2/3. What is the tens digit of (-1)/(n/(-23))*6?
4
Let n = -280 + 435. What is the hundreds digit of n?
1
Let a = -415 - -695. Let o = a - 192. What is the units digit of o?
8
Suppose -1 = 4*h + 19, 3*i - 1939 = 2*h. What is the hundreds digit of i?
6
Suppose -5*t = 2*g - 3*g - 54, -3*g - 3*t = 72. Let p = g + 19. What is the units digit of (-5)/25 - 62/p?
6
Let w = 1080 + -469. What is the tens digit of w?
1
Let k(u) = 4*u**2 - 4*u - 4. Let m be k(-2). Let w = -18 + m. What is the tens digit of 0 - w - (-39 + 1)?
3
Let i(b) = -b**3 - 9*b**2 + 3*b + 16. What is the tens digit of i(-13)?
5
Let w(i) = -i**2 - 7*i + 6. Let m(c) = -3*c**3 - 5*c - 2. Let l be m(-2). Suppose -a = 5*o + l, 2*o - 4 = a + a. What is the units digit of w(a)?
6
Suppose 2*j - 1134 - 758 = -5*i, -5*j - 3*i = -4749. What is the units digit of j?
1
Suppose 3*v + 9 = -3*l, -2*v + 2*l + 19 = -l. What is the units digit of (13/v)/(-1)*-10?
5
Let b be (-2)/(-11) - 403/(-143). Suppose -2*k - 4*v + 20 = 0, 0*k + b*k - 4*v - 10 = 0. What is the units digit of k?
6
Let a(x) = -4*x + 4 + 8*x + 0*x. Let j be a(3). What is the tens digit of -3*7/((-14)/j)?
2
Let h(p) = 12*p**2 - 14*p - 73. What is the hundreds digit of h(-6)?
4
Let y(j) = -j**3 - 8*j**2 + 8*j + 19. Let g be y(-9). Let v = 68 - g. Suppose u - 19 = v. What is the units digit of u?
9
Let g(w) = w**2 + 5*w + 8. Suppose 2*d = 4*d + 26. What is the tens digit of g(d)?
1
Let r = -415 - -1031. What is the units digit of r?
6
Let t(p) = -42*p**3 + 3*p + 2. Let d be t(-2). Suppose 8*m - 10*m + d = 0. What is the units digit of m?
6
Suppose 2016 = 5*r + 2*r. What is the units digit of r?
8
Let r(m) = -m**3 - 4*m**2 + 3*m - 5. Let z be r(-10). Suppose 0 = -6*n + 11*n - z. Suppose 5*l - n = 127. What is the units digit of l?
8
Suppose 52*q + 1583 = 55*q + r, r = q - 521. What is the units digit of q?
6
Let f be 14157/(-63) - 2/7. Let s = -81 - f. What is the tens digit of s?
4
Let b(d) = 4*d + 1. Suppose -3*s + v = 2*s, 0 = 3*s - 3*v + 12. Let z be b(s). Suppose z*c - 3*h - 52 = 3*c, 2*c + 3*h - 28 = 0. What is the units digit of c?
0
Let c = 41 + -23. Let q = -14 + c. Suppose -y + 48 = 2*y - 3*u, -u = q*y - 89. What is the tens digit of y?
2
Suppose 110 = z - 41*h + 43*h, 297 = 3*z - 5*h. What is the units digit of z?
4
Suppose 4*c - 5*x = 6387, 2*x = -c - 2*c + 4796. What is the units digit of c?
8
Let u = -188 + 492. What is the units digit of u?
4
Let o(f) = 405*f + 364. What is the tens digit of o(11)?
1
Let g(h) = h**2 + 5*h. Let k be 9/12*-2*4. Let r be g(k). Suppose 4 = -3*p - 4*w + 2, 2*w - r = -5*p. What is the units digit of p?
2
Suppose 3*k = 0, 3*o = 5*o - k - 136. What is the units digit of o?
8
Let q be -1*(-3)/6*4. Let z be (q + (-3 - 0))*-2. Suppose 1 = -b + 2*k - z, -3*k = 5*b - 37. What is the units digit of b?
5
Suppose -4*f - 25 = -5*w - 0*w, 5*w = 3*f + 25. Suppose f = -5*p + 401 + 254. What is the hundreds digit of p?
1
Let a = 68 + -65. Suppose -4*f = -a*f - 81. What is the units digit of f?
1
What is the tens digit of (-1355)/(-2)*2 + -2 + 6?
5
Let u = -28 - -34. Suppose f - u*f + 325 = 0. What is the tens digit of f?
6
Suppose -5*c + 8 = 3*u + 2, 18 = -u + 5*c. What is the tens digit of 3285/30*(-2)/u?
7
Let y(n) = n + 5. Let h be y(-4). Suppose 3 - h = v. Suppose -v*q + 5*g - 21 = -5*q, -2*q - g = -21. What is the tens digit of q?
1
Let v(z) = -15 - z + 26 - 3*z**2 - 13 - 7*z**3. What is the units digit of v(-2)?
4
Suppose 2*p + 26 = -2. Let d be 418/14 + (-2)/p. Suppose 5*n + 3*b = 177, 2*b + 28 = 2*n - d. What is the units digit of n?
3
Suppose -5*m + 157 = 22. Suppose 7 = k + 2*b - m, -4*k + 88 = -4*b. What is the units digit of k?
6
Let q(p) = -81*p - 34. What is the thousands digit of q(-24)?
1
What is the hundreds digit of -27*11/(44/(-56))?
3
Suppose 5*p - 643 = 347. Let c be 114/(-22) + 36/p. What is the tens digit of c*(-2 + (-14)/5)?
2
What is the hundreds digit of 5 + 827 + (-27)/9?
8
Let s = 476 - -31. What is the units digit of s?
7
Suppose -3*y = h - 91, -y - 2*h + 1 = -36. Let w = 50 - y. What is the units digit of w?
1
Let s be (-24)/(-16)*8/(-6). Let p(o) = -22*o**3 - 4*o**2 - 8*o - 3. What is the tens digit of p(s)?
7
What is the hundreds digit of 150/(-225) - 1784/(-3)?
5
Let s = -211 + 213. Let f(j) = 3*j**3 + 4*j**2 - 11*j + 4. Let d(u) = -u**3 - 2*u**2 + 6*u - 2. Let c(g) = 7*d(g) + 4*f(g). What is the tens digit of c(s)?
4
Suppose -g + 3*q = -30, 5*g - 72 - 116 = -4*q. Suppose g*p - 770 = 31*p. What is the tens digit of p?
5
Let j be -6*(-3)/6 + -24. Le